What is the units digit of 1676?
6
What is the units digit of 126691?
1
What is the hundreds digit of 883?
8
What is the thousands digit of 1491?
1
What is the tens digit of 42863?
6
What is the hundreds digit of 25341?
3
What is the hundreds digit of 399?
3
What is the ten thousands digit of 139055?
3
What is the hundreds digit of 58210?
2
What is the thousands digit of 7852?
7
What is the units digit of 30075?
5
What is the ten thousands digit of 14862?
1
What is the thousands digit of 111246?
1
What is the hundreds digit of 60853?
8
What is the thousands digit of 130663?
0
What is the tens digit of 1010?
1
What is the units digit of 340?
0
What is the thousands digit of 27986?
7
What is the units digit of 27274?
4
What is the hundred thousands digit of 147372?
1
What is the tens digit of 7071?
7
What is the units digit of 706?
6
What is the tens digit of 131503?
0
What is the units digit of 7150?
0
What is the tens digit of 3619?
1
What is the hundreds digit of 8119?
1
What is the hundreds digit of 271?
2
What is the units digit of 23684?
4
What is the tens digit of 985?
8
What is the tens digit of 867?
6
What is the hundreds digit of 1394?
3
What is the thousands digit of 1629?
1
What is the tens digit of 40594?
9
What is the thousands digit of 2660?
2
What is the tens digit of 13?
1
What is the units digit of 10003?
3
What is the tens digit of 2736?
3
What is the thousands digit of 81336?
1
What is the tens digit of 4728?
2
What is the hundreds digit of 875?
8
What is the ten thousands digit of 60044?
6
What is the units digit of 16152?
2
What is the hundreds digit of 4938?
9
What is the hundreds digit of 866?
8
What is the tens digit of 14966?
6
What is the thousands digit of 70452?
0
What is the tens digit of 82?
8
What is the hundreds digit of 10594?
5
What is the hundreds digit of 473?
4
What is the ten thousands digit of 10070?
1
What is the ten thousands digit of 31912?
3
What is the ten thousands digit of 11609?
1
What is the ten thousands digit of 40961?
4
What is the thousands digit of 1507?
1
What is the hundreds digit of 14832?
8
What is the tens digit of 7736?
3
What is the hundreds digit of 946?
9
What is the thousands digit of 13881?
3
What is the hundreds digit of 205?
2
What is the hundreds digit of 18505?
5
What is the tens digit of 9513?
1
What is the units digit of 1588?
8
What is the units digit of 3242?
2
What is the ten thousands digit of 50024?
5
What is the thousands digit of 36675?
6
What is the hundreds digit of 3792?
7
What is the tens digit of 106?
0
What is the tens digit of 1741?
4
What is the tens digit of 33252?
5
What is the hundreds digit of 2317?
3
What is the units digit of 5549?
9
What is the tens digit of 9540?
4
What is the thousands digit of 20667?
0
What is the units digit of 17994?
4
What is the units digit of 51766?
6
What is the units digit of 65853?
3
What is the units digit of 7116?
6
What is the hundreds digit of 6675?
6
What is the ten thousands digit of 37279?
3
What is the hundreds digit of 61438?
4
What is the units digit of 1592?
2
What is the thousands digit of 2149?
2
What is the hundreds digit of 1536?
5
What is the hundreds digit of 398?
3
What is the tens digit of 832?
3
What is the units digit of 2892?
2
What is the ten thousands digit of 30624?
3
What is the thousands digit of 29628?
9
What is the units digit of 786?
6
What is the units digit of 735?
5
What is the hundreds digit of 57248?
2
What is the ten thousands digit of 23228?
2
What is the tens digit of 8701?
0
What is the tens digit of 10195?
9
What is the tens digit of 540?
4
What is the tens digit of 4419?
1
What is the units digit of 5916?
6
What is the thousands digit of 1198?
1
What is the thousands digit of 4947?
4
What is the ten thousands digit of 12903?
1
What is the thousands digit of 4992?
4
What is the tens digit of 669?
6
What is the tens digit of 3957?
5
What is the thousands digit of 1325?
1
What is the tens digit of 12123?
2
What is the hundreds digit of 41151?
1
What is the hundreds digit of 1375?
3
What is the units digit of 5067?
7
What is the hundreds digit of 397?
3
What is the units digit of 42552?
2
What is the ten thousands digit of 14243?
1
What is the thousands digit of 11758?
1
What is the thousands digit of 1608?
1
What is the units digit of 1291?
1
What is the hundreds digit of 8910?
9
What is the tens digit of 38937?
3
What is the units digit of 175?
5
What is the tens digit of 18069?
6
What is the units digit of 11657?
7
What is the units digit of 741?
1
What is the tens digit of 4074?
7
What is the thousands digit of 15721?
5
What is the ten thousands digit of 100136?
0
What is the hundred thousands digit of 143725?
1
What is the thousands digit of 5993?
5
What is the hundred thousands digit of 144789?
1
What is the hundreds digit of 302?
3
What is the hundreds digit of 61084?
0
What is the tens digit of 18477?
7
What is the thousands digit of 9613?
9
What is the hundreds digit of 2892?
8
What is the tens digit of 114?
1
What is the thousands digit of 2501?
2
What is the hundreds digit of 32018?
0
What is the tens digit of 2040?
4
What is the units digit of 15786?
6
What is the tens digit of 2074?
7
What is the tens digit of 6592?
9
What is the thousands digit of 3397?
3
What is the thousands digit of 1497?
1
What is the hundreds digit of 3049?
0
What is the tens digit of 12205?
0
What is the ten thousands digit of 38901?
3
What is the thousands digit of 1739?
1
What is the tens digit of 5959?
5
What is the hundreds digit of 480?
4
What is the units digit of 45293?
3
What is the tens digit of 72?
7
What is the hundreds digit of 1758?
7
What is the hundreds digit of 1063?
0
What is the hundreds digit of 30000?
0
What is the tens digit of 560?
6
What is the units digit of 6182?
2
What is the thousands digit of 2812?
2
What is the ten thousands digit of 37898?
3
What is the thousands digit of 2457?
2
What is the units digit of 1041?
1
What is the hundreds digit of 3388?
3
What is the ten thousands digit of 15646?
1
What is the thousands digit of 15671?
5
What is the units digit of 8627?
7
What is the ten thousands digit of 10923?
1
What is the thousands digit of 36368?
6
What is the hundred thousands digit of 137564?
1
What is the hundreds digit of 1106?
1
What is the units digit of 5664?
4
What is the units digit of 977?
7
What is the tens digit of 1352?
5
What is the units digit of 32777?
7
What is the hundreds digit of 8310?
3
What is the hundreds digit of 2075?
0
What is the ten thousands digit of 75555?
7
What is the units digit of 237?
7
What is the hundreds digit of 41582?
5
What is the tens digit of 1330?
3
What is the hundreds digit of 16150?
1
What is the units digit of 4480?
0
What is the tens digit of 50879?
7
What is the units digit of 17658?
8
What is the hundreds digit of 17452?
4
What is the units digit of 2059?
9
What is the hundreds digit of 146?
1
What is the units digit of 56596?
6
What is the tens digit of 637?
3
What is the thousands digit of 11175?
1
What is the ten thousands digit of 15981?
1
What is the tens digit of 504?
0
What is the thousands digit of 39971?
9
What is the units digit of 27029?
9
What is the ten thousands digit of 42562?
4
What is the hundreds digit of 45022?
0
What is the hundreds digit of 5081?
0
What is the units digit of 19050?
0
What is the units digit of 2640?
0
What is the hundreds digit of 8329?
3
What is the hundreds digit of 2419?
4
What is the thousands digit of 2262?
2
What is the hundreds digit of 98607?
6
What is the thousands digit of 9743?
9
What is the hundreds digit of 1345?
3
What is the tens digit of 1209?
0
What is the hundreds digit of 4317?
3
What is the units digit of 41589?
9
What is the hundreds digit of 2826?
8
What is the hundreds digit of 186?
1
What is the units digit of 1922?
2
What is the units digit of 7312?
2
What is the ten thousands digit of 10131?
1
What is the ten thousands digit of 91619?
9
What is the thousands digit of 94226?
4
What is the ten thousands digit of 16018?
1
What is the hundreds digit of 1757?
7
What is the hundreds digit of 666?
6
What is the tens digit of 8809?
0
What is the tens digit of 2655?
5
What is the hundreds digit of 42808?
8
What is the ten thousands digit of 133345?
3
What is the t